{"id":5400,"date":"2021-11-22T19:32:33","date_gmt":"2021-11-23T00:32:33","guid":{"rendered":"https:\/\/students.com.miami.edu\/travelwriting\/?page_id=5400"},"modified":"2021-11-23T07:16:02","modified_gmt":"2021-11-23T12:16:02","slug":"presentation-fun-flavors-10-must-try-ice-cream-places-in-miami-dade-county","status":"publish","type":"page","link":"https:\/\/students.com.miami.edu\/travelwriting\/?page_id=5400","title":{"rendered":"Presentation, fun, flavors: 10 must-try ice cream places in Miami-Dade County"},"content":{"rendered":"\n<p><em><span style=\"color:#f20606\" class=\"has-inline-color\">Posted November 23, 2021<\/span><\/em><\/p>\n\n\n\n<p>By BRIANNA  OARD<\/p>\n\n\n\n<p>A metropolitan area with warm, tropical weather year-round, Miami-Dade County residents and tourists alike are always in search of ways to cool down. For some people, nothing beats enjoying ice cream on a hot day!<\/p>\n\n\n\n<p>There is a plethora of ice cream shops across Miami-Dade, with each offering a diverse range of flavors and products of America\u2019s favorite frozen treat. With so many choices, it can be difficult to choose where to visit. We feature 10 ice cream stores with Instagram-worthy presentations, fun preparation, and\/or unique flavors.\u00a0<\/p>\n\n\n\n<p>Whether they are craving a scoop of ice cream, a freshly made waffle cone, an old-fashioned ice cream sundae, or an ice cream sandwich, locals and tourists can beat the heat and enjoy their sweet treats at these 10 must-try locations in Miami-Dade. Some of these businesses have multiple locations not only in Miami-Dade, but also around the country as well.<\/p>\n\n\n\n<p>Listed below in alphabetical order are 10 unique ice cream places in Miami-Dade:<\/p>\n\n\n\n<p><strong>Aubi &amp; Ramsa<\/strong><\/p>\n\n\n\n<div class=\"wp-block-image\"><figure class=\"alignright size-large is-resized\"><img loading=\"lazy\" decoding=\"async\" src=\"http:\/\/students.com.miami.edu\/travelwriting\/wp-content\/uploads\/2021\/11\/Cognac-ice-cream-450x600.jpg\" alt=\"\" class=\"wp-image-5409\" width=\"244\" height=\"336\"\/><figcaption>The ABC is one of the most popular flavors at Aubi &amp; Ramsa. This best-selling flavor is a cordial ice cream made with amaretto, Bailey\u2019s, and Remy Martin cognac (Photos by Brianna Oard).<\/figcaption><\/figure><\/div>\n\n\n\n<p>A view of a wooden bar back-dropped with glass bottles of alcohol greets customers as they enter Aubi &amp; Ramsa. This Miami Design District hotspot is an ice cream \u201cbar\u201d that offers 21 flavors of liquor-infused ice cream to patrons 21 years old and over. The types of booze used in their ice cream includes tequila, single malt, champagne, bourbon, Irish cream, gin, rum, liqueur, mezcal and vodka. According to its website, among the best sellers are the old fashioned, the ABC and the choco-hazelnut martini. All ice creams and sorbets contain 4.9 percent alcohol and come in two sizes: a 3.7-ounce small or a pint. Aubi &amp; Ramsa also has two other locations in Miami-Dade County: the Aventura Mall and Wynwood.<\/p>\n\n\n\n<p><strong>Azucar Ice Cream Company<\/strong><\/p>\n\n\n\n<p>Located in the heart of Little Havana, Azucar Ice Cream Company, according to its website, \u201cmake[s], distribute[s], and sell[s] premium ice cream that gives [their] guests a cultural \u2018farm to cone\u2019 experience.\u201d All frozen treats are made with natural ingredients coming from local farmers and suppliers.<\/p>\n\n\n\n<p>Azucar Ice Cream Company is a true Miami ice cream shop, as the majority of the store\u2019s flavors are inspired by the city and its prominent Cuban culture. Such flavors include caf\u00e9 con leche, dulce de leche, caramel flan, and pl\u00e1tano maduro (sweet plantain).&nbsp;<\/p>\n\n\n\n<h1 class=\"wp-block-heading\">Chill-N Nitrogen Ice Cream<\/h1>\n\n\n\n<p>A popular hotspot for University of Miami students, Chill-N Nitrogen Ice Cream stands out for their ice cream preparation &#8212; watch your treats being made straight out of a liquid nitrogen tank! Customers get to select their custom bases, flavors, and mix-ins from the \u201cPeriodic Table of Flavors.\u201d<\/p>\n\n\n\n<p>Chill-N has multiple stores across Miami-Dade County, including one located just a mile away from the University of Miami, according to Google Maps. For the opportunity to win a free ice cream and be featured on the business\u2019s \u201cEquations of the Week,\u201d tag a photo of your Chill-N creation on your Instagram feed or story with #chillnequations.&nbsp;<\/p>\n\n\n\n<p><strong>Freddo<\/strong><\/p>\n\n\n\n<p>The gelato from Freddo is crafted from traditional Italian recipes and made with the best ingredients, including fresh milk, selected fruits, and natural dulce de leche from La Pampa, Argentina. This South American brand started in 1969 when it opened its doors in Buenos Aires, Argentina.<\/p>\n\n\n\n<p>Over the years, the business has become popular around the world with multiple stores, including one in Brickell and another in Coral Gables. The gelato is shipped daily from its headquarters in the Argentine capital. Pints are also available for purchase at select supermarkets around Miami-Dade County and online.&nbsp;<\/p>\n\n\n\n<figure class=\"wp-block-image size-large\"><img loading=\"lazy\" decoding=\"async\" width=\"600\" height=\"362\" src=\"http:\/\/students.com.miami.edu\/travelwriting\/wp-content\/uploads\/2021\/11\/Frozen-Ice-cream-600x362.jpg\" alt=\"\" class=\"wp-image-5410\" srcset=\"https:\/\/students.com.miami.edu\/travelwriting\/wp-content\/uploads\/2021\/11\/Frozen-Ice-cream-600x362.jpg 600w, https:\/\/students.com.miami.edu\/travelwriting\/wp-content\/uploads\/2021\/11\/Frozen-Ice-cream-300x181.jpg 300w, https:\/\/students.com.miami.edu\/travelwriting\/wp-content\/uploads\/2021\/11\/Frozen-Ice-cream-768x463.jpg 768w, https:\/\/students.com.miami.edu\/travelwriting\/wp-content\/uploads\/2021\/11\/Frozen-Ice-cream-1536x926.jpg 1536w, https:\/\/students.com.miami.edu\/travelwriting\/wp-content\/uploads\/2021\/11\/Frozen-Ice-cream-2048x1235.jpg 2048w, https:\/\/students.com.miami.edu\/travelwriting\/wp-content\/uploads\/2021\/11\/Frozen-Ice-cream-498x300.jpg 498w\" sizes=\"auto, (max-width: 600px) 100vw, 600px\" \/><figcaption>Frohzen offers a plethora of ice cream treats to customers, including the famous ice cream \u201ccakesicles\u201d (left) and ice cream macaroon sandwiches (right).<\/figcaption><\/figure>\n\n\n\n<p><strong>Frohzen<\/strong><\/p>\n\n\n\n<p>Across the street from Aubi &amp; Ramsa is another Miami Design District-based ice cream shop, Frohzen. The storefront\u2019s neon signs of an ice cream cone and their name in blue cursive draw the eye. Frohzen offers exquisite creations such as macaroon ice cream sandwiches, ice cream cupcakes, ice cream \u201ccakesicles,\u201d and a selection of coffee drinks, in addition to ice cream in a cup or waffle cone. Stop by after enjoying a meal at Le Jardinier and L\u2019Atelier de Jo\u00ebl Robuchon, as Salvatore Martone, Frohzen\u2019s executive pastry chef, is a former prot\u00e9g\u00e9 of Jo\u00ebl Robuchon, the late \u201cChef of the Century\u201d who held 32 Michelin stars!<\/p>\n\n\n\n<p><strong>MadLab Creamery<\/strong><\/p>\n\n\n\n<p>Just like everything in the Miami Design District, MadLab Creamery is a little bit fancy and over the top. Renowned pastry chef Soraya Caraccioli-Kilgore\u2019s whimsical store offers freshly made soft serve ice cream in unexpected yet delicious flavors.<\/p>\n\n\n\n<p>While MadLab Creamery also sells picturesque unicorn cakes and other sweet treats, the soft serve ice cream is the star of the store. Flavors rotate by the season and include limited-edition offerings. There is an abundance of topping choices, which include edible glitter, cotton candy, macaroons and gold leaf. These toppings and their presentation make one\u2019s MadLab Creamery ice cream picturesque, perfect content for posting on Instagram.&nbsp;<\/p>\n\n\n\n<div class=\"wp-block-image\"><figure class=\"alignright size-large is-resized\"><img loading=\"lazy\" decoding=\"async\" src=\"http:\/\/students.com.miami.edu\/travelwriting\/wp-content\/uploads\/2021\/11\/Ice-cream-on-stick-450x600.jpg\" alt=\"\" class=\"wp-image-5411\" width=\"217\" height=\"301\"\/><figcaption>At Morelia\u2019s Gourmet Paletas, customers can create their own  paleta, an ice cream on a stick. This paleta consists of a cookies and cream paleta dipped in dark chocolate and topped with shaved coconut.<\/figcaption><\/figure><\/div>\n\n\n\n<p><strong>Morelia\u2019s Gourmet Paletas<\/strong><\/p>\n\n\n\n<p>Pick it, dip it, and top it. According to Morelia\u2019s Gourmet Paletas\u2019s website, that is what they consider to be the best ice cream experience. With several locations scattered around Miami-Dade County, Morelia\u2019s Gourmet Paletas offers a customized paleta, ice cream on a stick.<\/p>\n\n\n\n<p>The closest location from the University of Miami Coral Gables campus is two miles away. All popsicles are made from scratch daily with local ingredients of the highest quality. Come for the paleta-creating experience, as employees coat each paleta with different combinations of dipping sauces and toppings. Available for takeout or delivery.<\/p>\n\n\n\n<p><strong>Salt &amp; Straw<\/strong><\/p>\n\n\n\n<p>Salt &amp; Straw has multiple locations across the country, including two within Miami-Dade County in Wynwood and Coconut Grove. Each store partners with local farmers and chefs to create a few specialty flavors that residents will only find at that location. Salt &amp; Straw has an ever-changing menu with at least 36 flavors, some of which rotate monthly. They also have to-go pints available for purchase. Who would be adventurous enough to try a scoop of caramelized turkey &amp; cranberry sauce or mushroom muddy buddies (flavors offered throughout the month of November at Salt &amp; Straw\u2019s two Miami-Dade County locations)?&nbsp;<\/p>\n\n\n\n<p><strong>Vicky\u2019s House<\/strong><\/p>\n\n\n\n<p>Entering this Coconut Grove establishment, customers will feel as though they have traveled back to the 1980s. Located next door to its sister restaurant, Lokal, in the Coconut Grove neighborhood, Vicky\u2019s House is a 1980s-themed dessert bar offering milkshakes, ice cream scoops, and beer. Its retro-chic decor and atmosphere are unique characteristics that attract customers.<\/p>\n\n\n\n<p>Vicky\u2019s House\u2019s specialty milkshakes pay homage to some of the most iconic movies and TV shows, such as E.T. Goes to The Movies To Watch The Goonies, Golden Girls, and The Breakfast Club. The over-the-top presentations, including glazed doughnuts and Twinkies as toppings, make these milkshakes prime Instagram content.&nbsp;<\/p>\n\n\n\n<p><strong>Wall\u2019s Old Fashioned Ice Cream<\/strong><\/p>\n\n\n\n<p>Once residents and tourists visit this South Miami ice cream shop, they will feel as if they were transported back to the 1950s. Family-owned and operated, Wall\u2019s Old Fashioned Ice Cream\u2019s old school charm and outdoor setting are qualities which make it among the top must try ice cream shops of Miami-Dade County. They offer ice cream scoops, sundaes, and drink creations that will satisfy any sweet tooth. Wall\u2019s Old Fashioned Ice Cream is also another ice cream hotspot that is a favorite among University of Miami students, as it is two miles away from campus.&nbsp;<\/p>\n\n\n\n<p><strong>If You Go<\/strong><\/p>\n\n\n\n<p><strong>Aubi &amp; Ramsa &#8211; Aventura Mall&nbsp;<\/strong><\/p>\n\n\n\n<p>Where: 19565 Biscayne Blvd., Aventura, FL 33180<\/p>\n\n\n\n<p>Phone: 305-946-9072<\/p>\n\n\n\n<p>Website: <a href=\"https:\/\/aubiramsa.com\/\">https:\/\/aubiramsa.com<\/a><\/p>\n\n\n\n<p><strong>Aubi &amp; Ramsa &#8211; Miami Design District&nbsp;<\/strong><\/p>\n\n\n\n<p>Where: 104 NE 41st St., Miami, FL 33137<\/p>\n\n\n\n<p>Phone: 305-946-9072<\/p>\n\n\n\n<p>Website: <a href=\"https:\/\/aubiramsa.com\/\">https:\/\/aubiramsa.com<\/a><\/p>\n\n\n\n<p><strong>Aubi &amp; Ramsa &#8211; Wynwood&nbsp;<\/strong><\/p>\n\n\n\n<p>Where: 104 NW 25th St., Aventura, FL 33127<\/p>\n\n\n\n<p>Phone: 305-946-9072<\/p>\n\n\n\n<p>Website: <a href=\"https:\/\/aubiramsa.com\/\">https:\/\/aubiramsa.com<\/a><\/p>\n\n\n\n<p><strong>Azucar Ice Cream Company<\/strong><\/p>\n\n\n\n<p>Where: 1503 SW 8th St., Miami FL 33135<\/p>\n\n\n\n<p>Phone: 305-381-0369<\/p>\n\n\n\n<p>Website: <a href=\"https:\/\/www.azucaricecream.com\/\">https:\/\/www.azucaricecream.com<\/a><\/p>\n\n\n\n<p><strong>Chill-N Nitrogen Ice Cream &#8211; Aventura<\/strong><\/p>\n\n\n\n<p>Where: 17831 Biscayne Blvd., Aventura, FL 33160<\/p>\n\n\n\n<p>Phone: 786-916-3313<\/p>\n\n\n\n<p>Website: <a href=\"https:\/\/www.chillnicecream.com\/\">https:\/\/www.chillnicecream.com<\/a><\/p>\n\n\n\n<p><strong>Chill-N Nitrogen Ice Cream &#8211; Coconut Grove<\/strong><\/p>\n\n\n\n<p>Where: 3415 Main Hwy., Coconut Grove, FL 33133<\/p>\n\n\n\n<p>Phone: 786-534-4858<\/p>\n\n\n\n<p>Website: <a href=\"https:\/\/www.chillnicecream.com\/\">https:\/\/www.chillnicecream.com<\/a><\/p>\n\n\n\n<p><strong>Chill-N Nitrogen Ice Cream &#8211; Pinecrest<\/strong><\/p>\n\n\n\n<p>Where: 8271 SW 124th St., Pinecrest, FL 33156<\/p>\n\n\n\n<p>Phone: 786-732-6988<\/p>\n\n\n\n<p>Website: <a href=\"https:\/\/www.chillnicecream.com\/\">https:\/\/www.chillnicecream.com<\/a><\/p>\n\n\n\n<p><strong>Chill-N Nitrogen Ice Cream &#8211; South Miami<\/strong><\/p>\n\n\n\n<p>Where: 7316 SW 57th Ave., South Miami, FL 33143<\/p>\n\n\n\n<p>Phone: 305-763-8164<\/p>\n\n\n\n<p>Website: <a href=\"https:\/\/www.chillnicecream.com\/\">https:\/\/www.chillnicecream.com<\/a><\/p>\n\n\n\n<p><strong>Freddo &#8211; Brickell<\/strong><\/p>\n\n\n\n<p>Where: 1102 S Miami Ave., Miami, FL 33130<\/p>\n\n\n\n<p>Phone: 786-310-0368<\/p>\n\n\n\n<p>Website: <a href=\"https:\/\/freddo.com\/\">https:\/\/freddo.com<\/a><\/p>\n\n\n\n<p><strong>Freddo &#8211; Coral Gables<\/strong><\/p>\n\n\n\n<p>Where: 176 Giralda Ave., Coral Gables, FL 33134<\/p>\n\n\n\n<p>Website: <a href=\"https:\/\/freddo.com\/\">https:\/\/freddo.com<\/a><\/p>\n\n\n\n<p><strong>Frohzen<\/strong><\/p>\n\n\n\n<p>Where: 151 NE 41st St., Suite #137, Miami, FL 33137<\/p>\n\n\n\n<p>Phone: 305-448-6060<\/p>\n\n\n\n<p>Website: <a href=\"https:\/\/www.miamidesigndistrict.net\/listing\/782\/frohzen\/\">https:\/\/www.miamidesigndistrict.net\/listing\/782\/frohzen\/<\/a><\/p>\n\n\n\n<p><strong>MadLab Creamery<\/strong><\/p>\n\n\n\n<p>Where: 140 NE 39th St., Suite 137, Miami, FL 33137<\/p>\n\n\n\n<p>Phone: 305-639-8178<\/p>\n\n\n\n<p>Website: <a href=\"https:\/\/www.miamidesigndistrict.net\/listing\/606\/madlab-creamery\/\">https:\/\/www.miamidesigndistrict.net\/listing\/606\/madlab-creamery\/<\/a><\/p>\n\n\n\n<p><strong>Morelia\u2019s Gourmet Paletas &#8211; Aventura Commons<\/strong><\/p>\n\n\n\n<p>Where: 21211 Biscayne Blvd., Aventura, FL 33180<\/p>\n\n\n\n<p>Phone: 305-850-4031<\/p>\n\n\n\n<p>Website: <a href=\"https:\/\/www.paletasmorelia.com\/\">https:\/\/www.paletasmorelia.com<\/a><\/p>\n\n\n\n<p><strong>Morelia\u2019s Gourmet Paletas &#8211; Coconut Grove<\/strong><\/p>\n\n\n\n<p>Where: 3437 Main Hwy., Coconut Grove, FL 33133<\/p>\n\n\n\n<p>Phone: 786-313-3411<\/p>\n\n\n\n<p>Website: <a href=\"https:\/\/www.paletasmorelia.com\/\">https:\/\/www.paletasmorelia.com<\/a><\/p>\n\n\n\n<p><strong>Morelia\u2019s Gourmet Paletas &#8211; Coral Gables<\/strong><\/p>\n\n\n\n<p>Where: 76 Miracle Mile, Coral Gables, FL 33134<\/p>\n\n\n\n<p>Phone: 305-456-1306<\/p>\n\n\n\n<p>Website: <a href=\"https:\/\/www.paletasmorelia.com\/\">https:\/\/www.paletasmorelia.com<\/a><\/p>\n\n\n\n<p><strong>Morelia\u2019s Gourmet Paletas &#8211; Wynwood<\/strong><\/p>\n\n\n\n<p>Where: 185 NW 25th St., Miami, FL 33127<\/p>\n\n\n\n<p>Phone: 305-533-3550<\/p>\n\n\n\n<p>Website: <a href=\"https:\/\/www.paletasmorelia.com\/\">https:\/\/www.paletasmorelia.com<\/a><\/p>\n\n\n\n<p><strong>Salt &amp; Straw &#8211; Coconut Grove<\/strong><\/p>\n\n\n\n<p>Where: 3015 Grand Ave., Unit #145, Coconut Grove, FL 33133<\/p>\n\n\n\n<p>Phone: 786-633-0142<\/p>\n\n\n\n<p>Website: <a href=\"https:\/\/saltandstraw.com\/\">https:\/\/saltandstraw.com<\/a><\/p>\n\n\n\n<p><strong>Salt &amp; Straw &#8211; Wynwood<\/strong><\/p>\n\n\n\n<p>Where: 246 NW 25th St., Miami, FL 33127<\/p>\n\n\n\n<p>Phone: 786-633-0157<\/p>\n\n\n\n<p>Website: <a href=\"https:\/\/saltandstraw.com\/\">https:\/\/saltandstraw.com<\/a><\/p>\n\n\n\n<p><strong>Vicky\u2019s House<\/strong><\/p>\n\n\n\n<p>Where: 3190 Commodore Plaza, Miami, FL 33133<\/p>\n\n\n\n<p>Phone: 305-442-3377<\/p>\n\n\n\n<p>Website: <a href=\"https:\/\/kushhospitality.com\/locations\/vickys-house\/\">https:\/\/kushhospitality.com\/locations\/vickys-house\/<\/a><\/p>\n\n\n\n<p><strong>Wall\u2019s Old Fashioned Ice Cream<\/strong><\/p>\n\n\n\n<p>Where: 8075 SW 67th Ave., Miami, FL 33143<\/p>\n\n\n\n<p>Phone: 305-740-9830<\/p>\n\n\n\n<p>Website: <a href=\"http:\/\/www.wallsicecreamfl.com\/\">http:\/\/www.wallsicecreamfl.com<\/a><\/p>\n","protected":false},"excerpt":{"rendered":"<p>Posted November 23, 2021 By BRIANNA OARD A metropolitan area with warm, tropical weather year-round, Miami-Dade County residents and tourists alike are always in search of ways to cool down. For some people, nothing beats enjoying ice cream on a &hellip; <a href=\"https:\/\/students.com.miami.edu\/travelwriting\/?page_id=5400\">Continue reading <span class=\"meta-nav\">&rarr;<\/span><\/a><\/p>\n","protected":false},"author":1,"featured_media":0,"parent":65,"menu_order":0,"comment_status":"closed","ping_status":"closed","template":"sidebar-page.php","meta":{"footnotes":""},"class_list":["post-5400","page","type-page","status-publish","hentry"],"jetpack_sharing_enabled":true,"_links":{"self":[{"href":"https:\/\/students.com.miami.edu\/travelwriting\/index.php?rest_route=\/wp\/v2\/pages\/5400","targetHints":{"allow":["GET"]}}],"collection":[{"href":"https:\/\/students.com.miami.edu\/travelwriting\/index.php?rest_route=\/wp\/v2\/pages"}],"about":[{"href":"https:\/\/students.com.miami.edu\/travelwriting\/index.php?rest_route=\/wp\/v2\/types\/page"}],"author":[{"embeddable":true,"href":"https:\/\/students.com.miami.edu\/travelwriting\/index.php?rest_route=\/wp\/v2\/users\/1"}],"replies":[{"embeddable":true,"href":"https:\/\/students.com.miami.edu\/travelwriting\/index.php?rest_route=%2Fwp%2Fv2%2Fcomments&post=5400"}],"version-history":[{"count":14,"href":"https:\/\/students.com.miami.edu\/travelwriting\/index.php?rest_route=\/wp\/v2\/pages\/5400\/revisions"}],"predecessor-version":[{"id":5418,"href":"https:\/\/students.com.miami.edu\/travelwriting\/index.php?rest_route=\/wp\/v2\/pages\/5400\/revisions\/5418"}],"up":[{"embeddable":true,"href":"https:\/\/students.com.miami.edu\/travelwriting\/index.php?rest_route=\/wp\/v2\/pages\/65"}],"wp:attachment":[{"href":"https:\/\/students.com.miami.edu\/travelwriting\/index.php?rest_route=%2Fwp%2Fv2%2Fmedia&parent=5400"}],"curies":[{"name":"wp","href":"https:\/\/api.w.org\/{rel}","templated":true}]}}